te the remainder when p is divided by 22.
19
Suppose -10*u + 14*u = 244. Calculate the remainder when u is divided by 21.
19
Let w = 13 + -8. Suppose 2*a = -0*l + w*l - 65, 0 = 4*l + 5*a - 19. What is the remainder when 20 is divided by l?
9
Suppose -35 - 45 = -5*r. Calculate the remainder when r is divided by 6.
4
Let a(k) = -k**2 - 13*k + 7. Calculate the remainder when a(-8) is divided by 12.
11
Let g = 15 + -11. Suppose 3*v - v - 2*q - g = 0, 2*q = 3*v - 6. Suppose -r + v*y + 28 = 0, 2*y + 63 + 1 = 2*r. What is the remainder when r is divided by 13?
10
Suppose -4 = -3*g + 11. Calculate the remainder when g is divided by 4.
1
Suppose -2*o = -4*o - 6, -3*q + 5*o = -153. Suppose 0 = 4*l - 3*l - q. What is the remainder when l is divided by 16?
14
Suppose 0 = -4*y - o + 32, o - 51 = -5*y - 3*o. Calculate the remainder when y is divided by 5.
2
Let v = 1 + -3. Let q(j) = -3*j**3 - 2*j**2 - j - 1. Suppose -98*m - 2548 = -150*m. Calculate the remainder when m is divided by q(v).
15
Let j = 91 + -72. Let g(y) = 3*y**2 + y - 7. What is the remainder when g(5) is divided by j?
16
Calculate the remainder when 44 is divided by 18/(-4)*-2 + -4.
4
Suppose -5*d - 2*h + 17 = 0, h + 14 + 0 = 5*d. Calculate the remainder when 5 is divided by d.
2
Let z be (-3)/(45/(-12))*5. Suppose 5*a - z*a = -9. Calculate the remainder when 25 is divided by (-26)/(-3) + (-3)/a.
7
Let w be 3/(-3) - (-20 - -3). Suppose -n + 4 = w. Let l = n - -29. What is the remainder when 32 is divided by l?
15
Let h = -1 + 10. Suppose -37 = -2*m - 15. Suppose -u + 5 = -m. Calculate the remainder when u is divided by h.
7
Let s = 91 + -40. What is the remainder when s is divided by (-10)/(-8) - (-737)/44?
15
Let y(a) = 6*a**2 - a - 3. Let c(u) = u**3 + u**2 - 9*u + 5. What is the remainder when y(-3) is divided by c(3)?
12
Let x(g) = 15*g**2 - 2*g - 1. Let j be x(-1). Suppose -3*l + j = -l. Calculate the remainder when 30 is divided by l.
6
Suppose 0 = -n - 7 + 8. Let z = n - -4. Suppose 0 = -5*t + 2*t + 27. What is the remainder when t is divided by z?
4
Let o be 24 + 0*(-3)/9. Let b = o + -12. Calculate the remainder when 22 is divided by b.
10
Let c = 30 - 24. Calculate the remainder when 27 is divided by c.
3
Suppose -4*a + 2*a = 6. Calculate the remainder when 50 is divided by ((-2)/4)/(a/78).
11
Let t = -55 - -69. Calculate the remainder when 24 is divided by t.
10
Let y = 10 - 14. Let a(n) be the first derivative of -n**3/3 - 3*n**2 - 4*n - 5. Calculate the remainder when a(y) is divided by 3.
1
Suppose -3*f + 72 = f. Suppose 4*j - 3*j = 270. Suppose 2*t - c = 45 + 66, j = 5*t - c. Calculate the remainder when t is divided by f.
17
Let z(t) = t**3 - t**2 + 6. Let m be z(0). Suppose r - m*r = -40. Let i(o) = 22*o**2. What is the remainder when i(1) is divided by r?
6
Let c(v) = 4*v**2 - v. Let b be c(1). Suppose b*j + 14 = 86. What is the remainder when j is divided by 13?
11
Suppose -5*n = -14 - 1. Suppose -5*y - 3*b + 6*b = -29, -n*y + 15 = -3*b. Suppose -y*i + 40 = -2*i. What is the remainder when 14 is divided by i?
6
Let o(f) = 2*f**2 + 9*f + 8. Suppose -3*p = -0*p - 5*j - 65, 1 = -p - 4*j. Calculate the remainder when o(-7) is divided by p.
13
Suppose 2 = t - 8. Calculate the remainder when 16 is divided by t.
6
Suppose 0 = -3*j - 0*j + 12. Calculate the remainder when 10 is divided by j.
2
Let i(a) = 32*a. Let z be i(1). Let f = z - 16. Calculate the remainder when f is divided by 9.
7
Let p(v) = v**2 + 16*v + 29. Calculate the remainder when 54 is divided by p(-15).
12
Let s be 26/(-10) - 16/40. What is the remainder when 1/s - (-604)/12 is divided by 26?
24
Let q(c) = c**3 - 5*c**2 + 3*c + 4. Let k be q(4). Let f(w) = -w**3 + w**2 - w + 10. Let j = -34 + 63. What is the remainder when j is divided by f(k)?
9
Let m(q) = -6*q. Let p be m(-1). Let g = p + -3. Calculate the remainder when 11 is divided by g.
2
Let z(b) = -b**3 + 11*b**2 - 9*b + 5. Suppose -l + 10 = 3*f, -l - f = -2*f - 10. Calculate the remainder when z(l) is divided by 6.
3
Let h(v) = -4*v - 1. What is the remainder when 17 is divided by h(-1)?
2
Let t = 200 - 141. Suppose 0 = 2*s + 5*z - 58, -2*z = -s + 2*s - 29. Let d = s + -9. Calculate the remainder when t is divided by d.
19
Calculate the remainder when (-2 - -1)/((-26)/546) is divided by 8.
5
Let a(x) = x - 2. Let i be a(4). Suppose 2*t - 4 = i. Calculate the remainder when 5 is divided by t.
2
Calculate the remainder when 11/(1*-3*(-1)/6) is divided by (-86)/(-7) + (-2)/7.
10
Suppose 4*t + t + 55 = 0. Let z = -8 - t. Let l = 10 - z. What is the remainder when l is divided by 4?
3
Let f(s) = -s**2 - s - 18. Let q be f(0). Let d = q + 76. Calculate the remainder when d is divided by 12.
10
Let l(z) = -z**2 + 4*z + 7. Let r be l(5). Suppose 4*n - 74 = r*n - 3*d, 5*n - 178 = -4*d. Calculate the remainder when n is divided by 9.
7
Suppose 4*z = 2*b + 337 - 67, -b = -z + 65. Calculate the remainder when z is divided by 24.
22
Suppose 3*t - 4*t + 5*i + 27 = 0, 2*i - 8 = 0. What is the remainder when t is divided by 25?
22
Let r(a) = 2*a**2 - a - 2. Suppose 0 = 2*f - f - 2. Calculate the remainder when 10 is divided by r(f).
2
Let m = -14 - -20. Suppose -4*p + m*a - a + 6 = 0, -2*a + 16 = 3*p. Suppose p*i - 7 = 1. Calculate the remainder when i is divided by 2.
0
Suppose -n - 2*k = -7*k - 77, -k = -2*n + 154. What is the remainder when n is divided by 40?
37
Let d = 5 - -7. What is the remainder when d is divided by 5?
2
Suppose 0 = 3*g + g - 8. Let o be 6 - (-1 + (3 - 0)). Suppose -4 = -g*c + o. What is the remainder when 7 is divided by c?
3
Suppose 8 + 22 = 3*d. Calculate the remainder when d is divided by 3.
1
Suppose -5*d + 35 = -15. Let q be (d/(-3))/((-4)/(-6)). Calculate the remainder when (-18)/10*(q + 0) is divided by 6.
3
Let r = -8 + 7. Calculate the remainder when 11 is divided by (-33)/(-6) - r/2.
5
Let u = 3 + 5. Suppose 0 = -d - 0*d + u. Calculate the remainder when 23 is divided by d.
7
Let f(m) = m**2 + 9*m - 7. Let v be f(-10). Let t be -1 - (3/v - 0). Calculate the remainder when 19 is divided by (-3 - t) + (-2 - -10).
5
Suppose 0 = -11*u + 7*u + 32. Let t(f) = -f**3 - f**2 + f + 22. Calculate the remainder when t(0) is divided by u.
6
Let l be (-32)/14 + 2/7. Calculate the remainder when (-37 + (0 - 0))/(-1) is divided by (-15 - l)*(0 - 1).
11
Suppose -3*j = 4*w - 224, 4*w + 4*j - 3*j = 224. What is the remainder when w is divided by 32?
24
Let h = 3 - 23. What is the remainder when 32 is divided by 2 - (-5)/(h/(-36))?
10
Let t = -77 - -130. Let w = 83 - t. What is the remainder when w is divided by 8?
6
Let p = 9 - 5. Calculate the remainder when (-4 - 0)/((-2)/3) is divided by p.
2
Let d(t) = -t**2 + 6*t + 5. Suppose -16 = -4*k, 2*k - 3*k = 3*h - 25. Let g be d(h). Calculate the remainder when (426/(-9))/(g/3) is divided by 24.
23
What is the remainder when 5/(2/22 - 0) is divided by ((-10)/(-15))/(4/84)?
13
Suppose -d - 3 = 2*d. Calculate the remainder when 0 - d - -2 - -35 is divided by ((-16)/2)/(4/(-10)).
18
Let w = -30 + 40. What is the remainder when 37 is divided by w?
7
Let a = 88 - 64. Calculate the remainder when 45 is divided by a.
21
Suppose -5*d + 12 = -23. Suppose 0 = -4*b - 0*m - 3*m + 89, 2*b = m + 57. Calculate the remainder when b is divided by d.
5
What is the remainder when -2 + ((-188)/(-4) - 1) is divided by 9?
8
Let i = 81 + -22. What is the remainder when i is divided by 16?
11
Suppose 110 = 5*k + 5*u, -3*k = 5*u - 4 - 66. Let i(r) = 6*r - 3*r**2 - 3 + 2 - 15*r + 2*r**2. Calculate the remainder when k is divided by i(-8).
6
Let g(n) = -3*n**2 + 36*n + 21. What is the remainder when 322 is divided by g(11)?
52
Suppose -2*z = 4*n - 5 - 3, 4*n = 5*z - 6. Suppose -z = -q + 3. What is the remainder when q is divided by 3?
2
Let z(i) = i**3 - 6*i - 6. Suppose 5*l - l - 48 = 0. What is the remainder when z(4) is divided by l?
10
Suppose -5*v - 3*l + 94 = 0, -2*v + 30 = 2*l + 3*l. Let x(p) = p + 3. Let d be x(3). Suppose q = d + 1. What is the remainder when v is divided by q?
6
Let j(c) = 0 - c**3 - 5 + 13*c**2 - 15*c + 2 + 0. Calculate the remainder when j(11) is divided by 19.
17
Suppose 0 = -n + 4*n - 39. Calculate the remainder when 50 is divided by n.
11
Suppose 3*d - 2*q = -4*q + 42, 3*q - 33 = -2*d. Calculate 